*s + 0 + 1043236*s - 3. What is q(5)?
7
Let j(c) = 0*c - 3*c - 790*c**3 - 793*c**3 + 2 - 2*c**2 + 1587*c**3. Give j(2).
20
Let a(n) = -n**3 - n**2 + n - 1. Let i(o) = -10*o**3 - 8*o**2 + 9*o - 8. Let w(g) = -18*a(g) + 2*i(g). Suppose 2*m = -0*m + 10. Suppose 4*r - 3 = m. Give w(r).
-6
Let u(q) = 13*q**2. Let a be 6*(-3)/(27/(-3)). Suppose -a*o + 8*o = -6. What is u(o)?
13
Let h(b) = 5*b**2 + 3*b + 2 - b**2 + 4 + b**3. Let a = 26 - 25. Let t be (-4 + 2)*2*a. What is h(t)?
-6
Let a(h) = h - 2. Let w(v) = -2*v**3 - 23*v**2 - 14*v - 41. Let b be w(-11). Calculate a(b).
-10
Let p(x) be the first derivative of -5 + 1/2*x**2 + x**3 - 1/4*x**4 + x. Let z(s) = 2*s**2 + 9*s - 1. Let n be z(-5). Calculate p(n).
-11
Let l(p) = -p**2 - 10*p - 5. Let h be (-14)/28 - (-56)/(-16). Determine l(h).
19
Let q(j) = 4*j + 27. Suppose 0 = -224*r + 229*r + 40. What is q(r)?
-5
Let f(i) = 13*i + 1. Suppose s - 5*k = -24, -18*k + 15*k = 3*s - 18. Give f(s).
14
Let f(h) = -4 + 6 + 3*h**2 + 8 - 4*h**2 - 5*h. Suppose -3*l - 20 = 2*u, -4*l + 11 = -3*u + l. Calculate f(u).
-4
Let l(y) = -y + 1. Let s(g) = -g**2 - 9*g - 2. Let n(k) = -3*l(k) + s(k). Let h be n(-3). Let r(p) = -h*p - 3 - 2*p + 5*p + 14. Determine r(5).
6
Let d(t) be the first derivative of -t**2/2 - 2. Let y be (9 + -4)*6/15. Let q be ((0 - 0)/4)/y. Calculate d(q).
0
Let p be (-9)/6*8/3. Let a(d) be the third derivative of 1/120*d**6 + 0 - 30*d**2 + 0*d + 1/20*d**5 + 0*d**3 - 1/6*d**4. Give a(p).
0
Suppose -k - 30 = -4*j - 6*k, 0 = -j - 5*k + 15. Suppose -3*s - 2*s = -10. Let g(d) = -d - 3*d + 3*d - s + 6. Determine g(j).
-1
Let d(s) = -s**2 - 5*s + 5. Let j = 28 - 23. Suppose 3*a + 15 = -2*a, j*x + 39 = -3*a. Determine d(x).
-1
Let g(x) = -7*x**2 + 8*x + 12. Let i(s) = -6*s**2 + 7*s + 10. Let r(t) = -5*g(t) + 6*i(t). Determine r(4).
-8
Let t(b) be the second derivative of -1/3*b**3 + 0 + 19*b + 7/2*b**2. Suppose -15 - 10 = -5*o. Determine t(o).
-3
Let x(q) = q**3 + 9*q**2 + 8*q - 11. Suppose -3*k + 9 = -3*z - 6, -3*z - k = 27. Give x(z).
-11
Let p(x) = x**2 - 5*x + 2. Let k be 155/7 + 3/(-21). Suppose -3 = -5*n + k. Let z be p(n). Let c(l) = l - 2. Give c(z).
0
Let g(r) = 27*r + 3. Let c be (-42)/147 - 15/21. Determine g(c).
-24
Let n(h) be the third derivative of -h**6/120 - h**5/60 + 5*h**4/24 - h**3/6 - 390*h**2. What is n(-4)?
27
Let n(z) = 3*z**3 + z**2 - z. Suppose -l - 16 - 38 = 0. Let v = l - -55. What is n(v)?
3
Suppose -4*x = 61*x + 195. Let w(h) = -h. Let u(g) = 8*g + 4. Let r(p) = -u(p) - 5*w(p). What is r(x)?
5
Suppose 7 = -25*b + 157. Let v(f) = -2*f + 5. Determine v(b).
-7
Let b = 27 - 38. Let v(x) = -x**2 + 5*x - 11. Let k(u) = -2*u**2 + 10*u - 21. Let j(w) = b*v(w) + 6*k(w). Suppose o - 5 + 1 = 0. What is j(o)?
-1
Let a(h) = -8*h - 336. Let o be a(-41). Let t(v) = 2*v + 23. Give t(o).
7
Let t be 2 + (-6)/(-4)*2. Let q(k) = 3*k**2 + k**3 + 3*k**2 - k + 1 - 5*k**2. Let d(h) = 7*h**3 - 2*h + 8. Let i(u) = -d(u) + 6*q(u). Calculate i(t).
3
Let g(a) = 6*a + 5. Suppose -29*d + 74 = 16. Determine g(d).
17
Let x(j) be the second derivative of j**6/360 + 3*j**5/40 - 11*j**4/24 - 14*j**3/3 + 38*j. Let o(f) be the second derivative of x(f). Calculate o(-9).
-11
Let d(n) = -n**2 - n + 1. Let h(s) = -s**3 + 8*s**2 + 5*s - 5. Let t(z) = 3*d(z) + h(z). What is t(4)?
22
Let m(b) = 429 - b**2 + 15*b - 240 - 234. Calculate m(5).
5
Let i(m) = 4*m**2 - 5*m + 5. Let q(u) = 2*u**2 - 18*u + 4. Let y be q(9). Give i(y).
49
Let y(q) = q**3 - 6*q**2 + 6*q + 1. Let k be y(5). Let w(u) = -u**2 + 10*u - 7. Let o(x) = x**2 - 6*x. Let l(g) = 2*o(g) + w(g). Calculate l(k).
17
Let j(d) be the second derivative of -7/6*d**3 + 5*d + 1/24*d**4 + 1/120*d**5 + 0*d**2 + 0. Let o(p) be the second derivative of j(p). Give o(6).
7
Let r(y) = y**3 - 21*y**2 + 22*y - 37. Let s be (300/45)/((-3)/(-9)). Calculate r(s).
3
Let h(k) = k**2 + k + 12. Suppose 7*d + 5*r = 2*d + 5, 5*d + r = 1. What is h(d)?
12
Suppose 4*k + 30 = 4*h + 2, -23 = -5*h + k. Let w(t) = -h - 1 + 11*t - 14*t. Let a be ((-6)/4)/(1/4). What is w(a)?
13
Suppose 10*y + 33 = 7*y. Let u be (-2)/y + 93/33 + -1. Let n(o) = -2*o**3 + 2*o**2 + 2*o - 1. What is n(u)?
-5
Let m be (0 - 7) + (2 - 1). Let a(v) = -1144*v - 1 + 573*v + v**2 + 0*v**2 + 577*v. Give a(m).
-1
Suppose 6*a - 6 = 3*a. Let c be a/5 + 256/(-40). Let m(h) = 2*h**2 - 9*h**2 + 6 + h - 4*h**3 + 3*h**3 - 5*h. Determine m(c).
-6
Let k(g) = 5*g - 18. Let c(u) = 2*u - 9. Let t(p) = -7*c(p) + 3*k(p). Suppose 46 = -4*o + 6. Let n be 4/(-10) - (-66)/o. Calculate t(n).
2
Let w(q) be the first derivative of 0*q - 4 + 1/8*q**4 - 1/360*q**6 + 7/3*q**3 - 1/120*q**5 + 0*q**2. Let t(x) be the third derivative of w(x). Determine t(0).
3
Let m(k) be the first derivative of -3*k**4/4 - k**2/2 - 3*k - 419. Give m(2).
-29
Let d(b) = -1. Let p(c) = -c**2 - 7*c - 4. Let s(k) = -5*d(k) + p(k). Calculate s(-7).
1
Let b(x) = 53*x**2 - 29*x - 3. Let q(y) = 29*y**2 - 15*y - 2. Let t(w) = 6*b(w) - 11*q(w). What is t(-9)?
4
Suppose 9*s = 4*s + 10. Let b(x) = -s - 2*x + 0 + 2*x**2 + 0*x**2 + 5*x. What is b(2)?
12
Suppose -5*b = 5*v, 0*b = 3*b - 5*v - 32. Suppose 0*t = -4*t + 2*x - 14, -t - 14 = -b*x. Let h(a) = -a**2 - 3*a + 2. Give h(t).
4
Let x(z) = z**2 - 2*z - 5. Let f be x(4). Suppose 0*w - f*w + 9 = 0. Let u(p) = -5 + 2*p + 3 + 4 - w. What is u(5)?
9
Let m(g) = 4*g**3 - 4*g**2 - 6*g + 5. Let d(s) = -7*s**3 + 9*s**2 + 11*s - 11. Let c(j) = -3*d(j) - 5*m(j). Let x(a) = a - 1. Let z be x(8). Calculate c(z).
-13
Let l(y) be the first derivative of 2*y**3/3 + 3*y**2/2 + 3*y - 57. Determine l(-2).
5
Let q be ((-12)/10)/(((-8)/(-10))/(-2)). Let c(w) be the third derivative of w**5/60 - w**4/24 - w**3/2 + 4*w**2. Calculate c(q).
3
Suppose 4*u = -i - 3 - 1, -22 = -4*i + 3*u. Let v(p) = -2*p - i*p - 18 + 3*p + 16. Calculate v(-2).
4
Suppose -11*h - 520 = -15*h. Let n(a) = -5*a + a**2 - 126 + a + h. Give n(3).
1
Let q(x) = -x**2 + 6*x + 8. Let n(w) = -52*w + 4. Let g be n(1). Let v = g - -54. Give q(v).
8
Let i(o) = 3*o - 2. Suppose c = 3*c - 8. Determine i(c).
10
Let j(m) = m + 1. Let z = -10 + 9. Let s(n) = 4*n + 4. Let w(q) = z*s(q) + 2*j(q). Give w(7).
-16
Let g(f) = -9*f**2 - f - 3. Let z(w) = 2*w**2 - w + 2. Let m(j) = g(j) + 5*z(j). Let v = -49 - -74. Suppose 3*i = -2*i + v. Calculate m(i).
2
Suppose 0 = -2*c + 6*c. Let b(r) = -r + 3. Let y be b(c). Let q(j) = 6 - 5 - j**2 + y - 5*j. Determine q(-5).
4
Suppose 16 = -0*s + 2*s. Let v be s/(-12) - 2/(-3). Let m(h) = -h**2 + h + 8. Give m(v).
8
Let l(k) = -k**2 - k + 1. Let u be l(-3). Let i(c) = -2*c + 28. Let j(s) = s - 13. Let a(w) = 6*i(w) + 13*j(w). Give a(u).
-6
Suppose l - 14 + 1 = 0. Suppose -4*i - 3 - l = 0. Let r(s) = s**2 + 4*s + 27 - 15 - 15. Calculate r(i).
-3
Let r(z) be the first derivative of -2*z**2 - 1 - 1/3*z**3 + 2*z. Calculate r(-5).
-3
Suppose 0 = -s - 5*c + 4 - 23, 4*s - 9 = -3*c. Suppose -6*y = -9*y - s. Let o(p) be the second derivative of p**3/6 + 3*p. What is o(y)?
-2
Let f(o) = 2*o - 5. Let d = 32 - 31. Let x be 0/(-15) - (d + -3). Suppose g = 7 - x. What is f(g)?
5
Let c(v) = -v. Let a(r) = -4*r - 2. Let i(f) = -2*a(f) + 10*c(f). Let d = 9 + -19. Let s = -7 - d. Give i(s).
-2
Let s = -14 + 19. Suppose 7*o - s*a = 3*o - 2, 4*o - 2*a = 4. Let n(t) = -5*t + o*t - 6*t + t**2 + 3*t. Calculate n(6).
0
Let j = 45 - 68. Let c = 17 + j. Let i(h) = h**2 + 6*h - 2. What is i(c)?
-2
Let f(z) = 6. Suppose 10*q - 8*q = 0. Let m(l) = q*l + 2*l - l. Let w(b) = f(b) - 2*m(b). Determine w(4).
-2
Suppose -p + 8*v - 4*v - 4 = 0, v - 6 = -p. Let b(t) = -t**2 + 4*t - 1. Give b(p).
-1
Suppose 7*h - 2*h + 2*c + 38 = 0, -2*c + 22 = -5*h. Let i(z) = -26*z + 12. Let o be i(h). Let l(r) = 7 + 5*r**2 - 168*r + o*r + r**3. Determine l(-5).
7
Let o = -20 + 13. Let w = -1 - o. Let f(j) = j + 4*j**3 + 7*j - 3*j**3 - 7*j**2 - 8. Calculate f(w).
4
Let s(i) be the first derivative of i**3/3 + 3*i**2 + 5*i - 876. Give s(-1).
0
Let p(k) = k - 6. Let v(w) = w**2 - 15*w + 51. Let h(i) = 6*p(i) + v(i). Calculate h(8).
7
Suppose -3*p - 12 = -y + 4*y, -5*p - 48 = -2*y. Let t(j) = 6*j - j - 7*j - 7. What is t(p)?
9
Let d(h) be the second derivative of -h**2 - 1/6*h**3 + 3*h + 0. Give d(-2).
0
Let k(m) = -10 - 3*m**2 + 518*m - 266*m + 3*m**2 - 263*m + m**2. Give k(13).
16
Let a(m) = 4*m + 6. Let l be a